nder when 9025604 is divided by 90256?
4
Calculate the remainder when 285176 is divided by 142527.
122
Calculate the remainder when 190492 is divided by 60227.
9811
Calculate the remainder when 16218666 is divided by 601.
80
What is the remainder when 7003459 is divided by 171?
154
Calculate the remainder when 266912 is divided by 292.
24
What is the remainder when 104255 is divided by 25987?
307
Calculate the remainder when 8494089 is divided by 553.
9
What is the remainder when 26375677 is divided by 2641?
10
What is the remainder when 114200 is divided by 485?
225
What is the remainder when 162331 is divided by 17886?
1357
What is the remainder when 14753593 is divided by 160365?
13
What is the remainder when 5472645 is divided by 2736306?
33
Calculate the remainder when 2038987 is divided by 182.
41
What is the remainder when 40542 is divided by 989?
982
What is the remainder when 32812 is divided by 16390?
32
Calculate the remainder when 2328754 is divided by 1242.
4
What is the remainder when 729113 is divided by 66268?
165
Calculate the remainder when 8974547 is divided by 19.
11
Calculate the remainder when 5814583 is divided by 726820.
23
Calculate the remainder when 13825 is divided by 2639.
630
Calculate the remainder when 5576958 is divided by 1280.
1278
Calculate the remainder when 90984 is divided by 927.
138
Calculate the remainder when 1240056 is divided by 12413.
11169
Calculate the remainder when 17615650 is divided by 15.
10
What is the remainder when 30208670 is divided by 253?
217
What is the remainder when 14825 is divided by 4319?
1868
Calculate the remainder when 1314618 is divided by 103.
29
What is the remainder when 58560747 is divided by 6?
3
Calculate the remainder when 2577542 is divided by 109.
19
What is the remainder when 412029709 is divided by 9?
7
Calculate the remainder when 103468223 is divided by 2610.
2603
Calculate the remainder when 864535901 is divided by 191.
186
What is the remainder when 4359173 is divided by 69193?
14
Calculate the remainder when 118602 is divided by 750.
102
Calculate the remainder when 168382 is divided by 14013.
226
What is the remainder when 1440140 is divided by 53?
24
Calculate the remainder when 14912 is divided by 7424.
64
What is the remainder when 39245 is divided by 1522?
1195
What is the remainder when 25329 is divided by 1550?
529
Calculate the remainder when 2856092 is divided by 5864.
324
Calculate the remainder when 90267 is divided by 715.
177
What is the remainder when 2659 is divided by 2477?
182
Calculate the remainder when 110444 is divided by 10036.
48
Calculate the remainder when 723663 is divided by 144524.
1043
What is the remainder when 430786 is divided by 86131?
131
Calculate the remainder when 443985 is divided by 443956.
29
What is the remainder when 1206955 is divided by 126?
1
Calculate the remainder when 453973400 is divided by 43.
40
Calculate the remainder when 55120381 is divided by 3672.
3661
Calculate the remainder when 43198989 is divided by 1963590.
9
Calculate the remainder when 6907011 is divided by 1041.
1017
Calculate the remainder when 1049535 is divided by 209892.
75
What is the remainder when 7032510 is divided by 45371?
5
Calculate the remainder when 15095 is divided by 2448.
407
What is the remainder when 130900 is divided by 308?
0
Calculate the remainder when 68086 is divided by 68079.
7
What is the remainder when 1633894 is divided by 605?
394
What is the remainder when 80481 is divided by 436?
257
What is the remainder when 69716 is divided by 2632?
1284
What is the remainder when 5418490 is divided by 56?
42
What is the remainder when 47821911 is divided by 232?
215
Calculate the remainder when 616446335 is divided by 8.
7
What is the remainder when 556607 is divided by 305?
287
What is the remainder when 3337402 is divided by 2149?
5
What is the remainder when 7509377 is divided by 2357?
2332
What is the remainder when 27314958 is divided by 3414369?
6
Calculate the remainder when 441377 is divided by 49007.
314
Calculate the remainder when 151846 is divided by 6902.
2
What is the remainder when 847299 is divided by 2118?
99
Calculate the remainder when 7568961 is divided by 540625.
211
What is the remainder when 2206889 is divided by 2206838?
51
Calculate the remainder when 3100394 is divided by 197.
8
What is the remainder when 55210 is divided by 18294?
328
What is the remainder when 272272 is divided by 1743?
364
What is the remainder when 10064627 is divided by 325?
27
Calculate the remainder when 3200595 is divided by 101.
6
Calculate the remainder when 152288254 is divided by 2485.
2484
Calculate the remainder when 166538731 is divided by 517201.
9
Calculate the remainder when 352027 is divided by 351643.
384
Calculate the remainder when 753673 is divided by 107616.
361
What is the remainder when 1955541 is divided by 162961?
9
Calculate the remainder when 87567487 is divided by 48.
31
What is the remainder when 9546646 is divided by 876?
874
Calculate the remainder when 178841 is divided by 207.
200
Calculate the remainder when 1730540 is divided by 3951.
2
Calculate the remainder when 226806 is divided by 790.
76
Calculate the remainder when 185225580 is divided by 892.
888
What is the remainder when 143531 is divided by 14248?
1051
Calculate the remainder when 379442 is divided by 2084.
154
What is the remainder when 1366150 is divided by 295?
5
What is the remainder when 2369861 is divided by 7650?
6011
What is the remainder when 1507072 is divided by 223?
38
Calculate the remainder when 378655 is divided by 1338.
1
What is the remainder when 1608011 is divided by 15?
11
What is the remainder when 19268 is divided by 19197?
71
Calculate the remainder when 1323509 is divided by 52818.
3059
Calculate the remainder when 58484 is divided by 924.
272
What is the remainder when 735621 is divided by 735605?
16
What is the remainder when 215471 is divided by 2091?
98
What is the remainder when 632949 is divided by 27503?
380
What is the remainder when 960722 is divided by 247?
139
Calculate the remainder when 14355 is divided by 196.
47
Calculate the remainder when 36152387 is divided by 161.
159
Calculate the remainder when 3180839 is divided by 218.
1
What is the remainder when 2902513 is divided by 967470?
103
What is the remainder when 5271355 is divided by 190?
185
Calculate the remainder when 1397804 is divided by 63536.
12
What is the remainder when 7886495 is divided by 787?
755
What is the remainder when 11347219 is divided by 953?
801
Calculate the remainder when 2038893 is divided by 679604.
81
Calculate the remainder when 11763209 is divided by 35114.
19
What is the remainder when 2239694 is divided by 94?
50
What is the remainder when 355704 is divided by 60?
24
What is the remainder when 1169158 is divided by 740?
698
Calculate the remainder when 10273821 is divided by 103.
86
What is the remainder when 7773596 is divided by 259?
229
Calculate the remainder when 244498 is divided by 4666.
1866
What is the remainder when 16832584 is divided by 701357?
16
What is the remainder when 3434879 is divided by 858647?
291
Calculate the remainder when 727850 is divided by 282.
8
Calculate the remainder when 311627 is divided by 1543.
1484
What is the remainder when 68738282 is divided by 605?
602
Calculate the remainder when 3589997 is divided by 1000.
997
Calculate the remainder when 5608897 is divided by 437.
2
What is the remainder when 176440 is divided by 86991?
2458
Calculate the remainder when 75427503 is divided by 126.
123
What is the remainder when 312782 is divided by 62?
54
What is the remainder when 3976477 is divided by 724?
269
Calculate the remainder when 103172 is divided by 2016.
356
Calculate the remainder when 26616627 is divided by 1018.
1017
Calculate the remainder when 68762325 is divided by 26.
21
Calculate the remainder when 33250377 is divided by 937.
932
What is the remainder when 751386 is divided by 22099?
20
Calculate the remainder when 4264969 is divided by 247.
20
What is the remainder when 1979725 is divided by 277?
6
Calculate the remainder when 1513904 is divided by 55.
29
What is the remainder when 120426870 is divided by 434754?
12
What is the remainder when 853960 is divided by